he prime factors of a.
2, 3, 29
Let y = 385 + -174. What are the prime factors of y?
211
Suppose -4*i + 1 = -5*k, 5*i - 7 - 7 = 2*k. List the prime factors of 1044/(-27)*k/(-2)*2.
2, 29
Let u(h) = -h**2 + 19*h + 6. Suppose 77 = -b + 8*b. What are the prime factors of u(b)?
2, 47
Let b = 166 - 115. Let d = b + -21. List the prime factors of d.
2, 3, 5
Suppose 5*y - 398 = 3*d, -4*y + 372 = 5*d + 61. Let k = y + -14. List the prime factors of k.
5, 13
Suppose 2*w + 7 = -23. Let v(k) = -k**2 - 19*k + 4. What are the prime factors of v(w)?
2
Suppose 0 = -5*b - 3*a + 1, 2*a = 2*b - 10. Suppose 5*y = -b*r + 5*r + 241, -5*r = -3*y + 151. List the prime factors of y.
47
Let p be 59/4 - (-12)/(-16). Suppose -p*n = -17*n + 30. What are the prime factors of n?
2, 5
Suppose 0 = -3*a + 15 + 15. Suppose -5*f = -a - 10. Suppose 5*j - 3*h + f*h = 109, 0 = 3*h + 3. What are the prime factors of j?
2, 11
Let o = 170 + 52. What are the prime factors of o?
2, 3, 37
Let t = -11 + 7. Let m(b) = -2*b**3 - 3*b**2 + 7*b + 5. Let x be m(t). Let j = x + 1. What are the prime factors of j?
2, 29
Suppose 2*v - 59 = -o - 24, 4*o - 4 = 0. Suppose 2*g - 23 = v. List the prime factors of g.
2, 5
Let s = -4 + 6. Suppose d + 2*j = -0*d + 71, -s*d + 134 = 2*j. Suppose -d = -5*h + 2*h. What are the prime factors of h?
3, 7
Let d(b) = 2*b**2 + 21*b - 34. Let q be d(-12). Let t = -27 + 317. Suppose 7*f = q*f + t. List the prime factors of f.
2, 29
Let a(x) = -85*x**3 - 2*x**2 - 2*x. Let w(r) = -2*r**2 - 16*r - 1. Let o be w(-8). List the prime factors of a(o).
5, 17
Let z(o) = -6*o + 3. Let b be z(-10). Suppose -5*q + b = -27. Let n = 21 - q. List the prime factors of n.
3
Let h be -18*((-3)/6 + 0). Let n = h - 9. List the prime factors of (1 + n)/(6/18).
3
Let u be (-29)/(-3) + (80/(-8))/(-30). Suppose u*s = 13*s - 540. What are the prime factors of s?
2, 3, 5
Suppose 2*u - 2*v + 2 - 4 = 0, 0 = -u - 5*v + 19. Suppose -u*m + 6 = -6. Suppose 4*o = m*o + 15. What are the prime factors of o?
3, 5
Let y(k) = k**3 - 15*k**2 + 17*k + 6. List the prime factors of y(15).
3, 29
Suppose 4*h - 87 = 5*s, -s + 5*s + 120 = 5*h. Suppose -4*j + 8*j = h. What are the prime factors of j?
7
Let r(w) = -w**3 - 5*w**2 + 10*w - 3. What are the prime factors of r(-8)?
109
Let s = 4 - -96. Suppose -14*d + 10*d + s = 0. List the prime factors of d.
5
Let u(h) = -5*h**3 + h**2 + 3*h + 3. Let d be u(-2). Suppose -4*a + 5*a = d. What are the prime factors of a?
41
Let x = 199 - -17. Suppose 5*p - 298 = -2*l, -4*l = p - 5*p + x. What are the prime factors of p?
2, 29
Suppose -178*v = -172*v - 16512. What are the prime factors of v?
2, 43
Let i = -36 - -28. Let o = i + 20. List the prime factors of o.
2, 3
Let t = 33 + -30. Let o = -3 - -3. Suppose -3*x + 5*d + 20 + 80 = o, -t*d + 110 = 5*x. List the prime factors of x.
5
Let g be 336/54 - 2/9. Suppose 0 = 2*u + 2 - g. Suppose -y + 23 = u. List the prime factors of y.
3, 7
Suppose 6*d - 2*d = -5*x + 1140, -2*x = d - 459. List the prime factors of x.
2, 29
Let m = 7 + -3. Let b be m + 3 + (-15)/3. Suppose -4*c - t - 13 = -63, b*t = 3*c - 43. What are the prime factors of c?
13
Suppose -3*k + 69 + 87 = 0. Suppose k*n - 50*n = 374. What are the prime factors of n?
11, 17
Suppose y - 2450 = -2*n, n + 2*y = 5*y + 1225. What are the prime factors of n?
5, 7
Suppose -6*m + 5*m = 5*m. Suppose i - 40 + 9 = m. List the prime factors of i.
31
Suppose 0*p = -4*n - 4*p + 12, -9 = 4*n - 3*p. List the prime factors of (1 + -4 + n)*-37.
3, 37
Let p(v) = -7 + 3 - 1 - 1 + 7*v + v**2. Let u be p(-6). Let n = u - -30. What are the prime factors of n?
2, 3
Suppose -15 = -4*u - u. Suppose 2*a + u*a - t = -5, 0 = 2*a + 3*t + 19. Let k(h) = -3*h**3 + h**2 + 2*h + 1. What are the prime factors of k(a)?
5
What are the prime factors of (1 + -2)*(5 + -89)?
2, 3, 7
Let y(q) = 32 - 2*q + 90 - 6 - 2. What are the prime factors of y(0)?
2, 3, 19
Let o be 6/(-33) - 4/(-22). Let t(n) = 2*n + 6. Let f be t(-5). Let g = o - f. What are the prime factors of g?
2
Suppose -3708 = -2*i - 5*o, -o - 1303 = -2*i + 2405. List the prime factors of i.
2, 3, 103
Suppose 7*l = 6*l. Suppose -2*m + 61 + 55 = l. List the prime factors of m.
2, 29
Suppose -4*c - 5577 - 2471 = -l, 4*c = 4*l - 8048. Let t = c - -3160. List the prime factors of t/35 + 1/5.
3, 11
Let l(u) = -u**3 - 9*u**2 - 8*u - 19. Let t be l(-11). Suppose -4*k + 361 = -t. What are the prime factors of k?
2, 3, 7
Suppose -78*f = -43*f - 66325. What are the prime factors of f?
5, 379
Suppose 4*h - 20 = 0, -2*l = 3*h - 5*h. Suppose -4*s - 3*q = -96 - 423, -5*s = -l*q - 640. List the prime factors of s.
3, 43
Let d = 79 + -25. Suppose -d = -w + 4*w. Let m = w + 47. List the prime factors of m.
29
Suppose -2*x = -694 - 242. What are the prime factors of x?
2, 3, 13
Let w(f) = -f + 4. Let i be w(2). Suppose 4*l = -i*a + 126, -3*a + 2*a + 69 = -4*l. What are the prime factors of a?
5, 13
Let w be (-12)/(-15) - 24/(-20). Suppose -3 = w*m - 7. Suppose -n + l + 41 = 5, -m*n = -4*l - 64. What are the prime factors of n?
2, 5
Let w(t) = -t**3 - 3*t**2 + 4*t - 2. Let r be w(-4). Let k be r/(4 - 1128/284). Let v = k + 108. List the prime factors of v.
37
Let v = 1050 + 362. List the prime factors of v.
2, 353
Let s(p) = -39*p - 8. Let m(z) = 75*z + 18. Let n(l) = 3*m(l) + 7*s(l). Suppose -3 + 1 = 2*g. List the prime factors of n(g).
2, 23
Let j = 1483 - 948. List the prime factors of j.
5, 107
Let a(d) = d**3 + 6*d**2 - 9*d - 11. Let i(c) = c. Let r(z) = -a(z) - 3*i(z). List the prime factors of r(-9).
2, 5
Suppose 5*y + 1960 = 9*y. List the prime factors of y.
2, 5, 7
Suppose 27 = 4*u + 3. Let n(j) = -2*j**2 - 5*j + 5. Let p(b) = -3*b**2 - 5*b + 6. Let d(h) = 4*n(h) - 3*p(h). List the prime factors of d(u).
2
Suppose 954 = -7*y + 7086. What are the prime factors of y?
2, 3, 73
Suppose -3*m = 0, 0 = -s - 0*s + m + 8. Suppose -s*l - 36 = -9*l. What are the prime factors of l?
2, 3
Suppose 11*o + 44 - 220 = 0. Suppose o*k = 17*k - 281. What are the prime factors of k?
281
Suppose 6*k - 124 = 1352. List the prime factors of k.
2, 3, 41
Suppose -1454*i + 1463*i - 2349 = 0. List the prime factors of i.
3, 29
Let i be 2 - (-2 - -3)*1*-1. Suppose -4 = i*y - y, 24 = 2*v - 4*y. List the prime factors of v.
2
Let t(j) = j + 1. Let r(o) = o**2 - o. Let n be r(-2). Let u be t(n). What are the prime factors of (u/14)/((-2)/(-156))?
3, 13
Suppose 540 = 3*j - 339. List the prime factors of j.
293
Let b = -313 + 915. List the prime factors of b.
2, 7, 43
Let x be 3/((-1)/(8/(-12))). Suppose 3*a + 0*a + 117 = 3*k, x*k - a - 82 = 0. List the prime factors of k.
43
List the prime factors of (-10362)/(-11)*4/3.
2, 157
Let c be -3 + (-1)/(4/92). Let w = 33 - c. Let g = -34 + w. What are the prime factors of g?
5
Suppose 26*v = 28*v - 2494. List the prime factors of v.
29, 43
Let p(h) = 6*h + 524. What are the prime factors of p(0)?
2, 131
Let l(x) = 268*x**2 - 9*x + 11. What are the prime factors of l(2)?
3, 5, 71
Let i(g) = -4*g**3 + 2*g**2 + 11*g**3 - 3*g - 2 - 5*g**3 + 2*g**3. List the prime factors of i(2).
2
Let f(i) = 218*i**2 - 40*i - 143. List the prime factors of f(-5).
5507
Let c = 36 - 25. Suppose -v - t = -5*t + c, v = 5*t - 16. Let p(a) = a - 4. What are the prime factors of p(v)?
5
Let v(a) = -a**2 + 5*a - 17. Let b be v(-15). Let j = -156 - b. List the prime factors of j.
7, 23
Let i = -4 - -14. What are the prime factors of ((-912)/(-60))/(4/i)?
2, 19
Suppose 15*s - 705 - 21120 = 0. List the prime factors of s.
3, 5, 97
Let y = 6 - 4. Suppose -6*u + 5*u + y = 0. Suppose 0*z = -2*g - 2*z + 44, g - 22 = -u*z. What are the prime factors of g?
2, 11
Suppose 3*k - 14 = -g - 0*k, 4*k = 2*g - 18. Let v(r) = 15*r - 21. Let s(j) = 8*j - 10. Let t(x) = g*s(x) - 6*v(x). List the prime factors of t(-8).
2
Let o be (0 - 3)/(-3 + -1 - -3). Suppose -5*i = -4*i - 5. Suppose -4*q - 4*x + i = -3, 31 = o*q - 2*x. What are the prime factors of q?
7
Suppose 1074 = 9*s + 309. What are the prime factors of s?
5, 17
Suppose 3*b + 22 = 5*k, 5*k + 14 = -6. List the prime factors of b/119 + (-903)/(-17).
53
Suppose -3*y + 1104 = 3*i, -y - 3*y - i + 1484 = 0. Let u = y - 235. What are the prime factors of u?
137
Let n be 18/5 + (-24)/40. Suppose 0 = -n*l + 2*m - m + 263, -5*l + 410 = 4*m.